osite?
True
Is 136342 a composite number?
True
Is 88535 prime?
False
Is 9569 prime?
False
Is 38111 a composite number?
True
Is 32605 prime?
False
Is 37029 a composite number?
True
Is 16117 a composite number?
True
Is 115 prime?
False
Is 248249 a prime number?
False
Is 3019 composite?
False
Is 192229 a composite number?
False
Is 4613 a prime number?
False
Is 29917 a prime number?
True
Is 8777 a prime number?
False
Is 9111 prime?
False
Is 25819 a composite number?
False
Is 326839 a prime number?
False
Is 27899 a prime number?
False
Is 27091 a composite number?
False
Is 3777 prime?
False
Is 60859 a composite number?
False
Is 76399 composite?
True
Is 272477 composite?
False
Is 359549 a prime number?
True
Is 25609 a prime number?
True
Is 839767 a prime number?
True
Is 578299 prime?
True
Is 718259 a prime number?
True
Is 215653 a prime number?
True
Is 17707 composite?
False
Is 4839 a prime number?
False
Is 1604201 a prime number?
False
Is 2837 a composite number?
False
Is 106851 a prime number?
False
Is 58154 a prime number?
False
Is 29534 a prime number?
False
Is 71459 a composite number?
True
Is 1961 composite?
True
Is 519481 composite?
True
Is 971123 prime?
False
Is 90541 a prime number?
False
Is 30727 a composite number?
False
Is 351119 prime?
False
Is 27785 composite?
True
Is 44351 a prime number?
True
Is 16591 composite?
True
Is 2669 a composite number?
True
Is 20599 a composite number?
False
Is 192727 composite?
True
Is 12247 composite?
True
Is 24407 prime?
True
Is 181726 composite?
True
Is 4783 a composite number?
False
Is 419 a composite number?
False
Is 618935 a prime number?
False
Is 22054 a composite number?
True
Is 8263 a composite number?
False
Is 292685 prime?
False
Is 850631 a prime number?
True
Is 28947 composite?
True
Is 8641 a prime number?
True
Is 4597 a composite number?
False
Is 18589 a prime number?
False
Is 25151 a composite number?
True
Is 34015 a composite number?
True
Is 1108049 a prime number?
True
Is 4847 composite?
True
Is 1642393 a prime number?
False
Is 433843 a prime number?
False
Is 206963 a composite number?
True
Is 25889 a composite number?
False
Is 4387919 composite?
False
Is 32891 composite?
True
Is 14173 a composite number?
False
Is 64271 prime?
True
Is 96839 a prime number?
False
Is 7057 prime?
True
Is 346583 prime?
False
Is 2757 composite?
True
Is 12437 a composite number?
False
Is 27323 a composite number?
True
Is 15101 a composite number?
False
Is 459529 a prime number?
False
Is 138273 composite?
True
Is 142297 prime?
True
Is 1009 composite?
False
Is 4547 a prime number?
True
Is 7499 a prime number?
True
Is 23531 composite?
False
Is 13621 composite?
True
Is 321001 a composite number?
True
Is 2651 composite?
True
Is 107609 a composite number?
False
Is 743 prime?
True
Is 3601 composite?
True
Is 1069859 a composite number?
True
Is 68093 composite?
True
Is 773215 a composite number?
True
Is 203999 composite?
False
Is 163247 prime?
False
Is 347621 a prime number?
True
Is 34637 composite?
True
Is 4267 a prime number?
False
Is 6683 a composite number?
True
Is 5779 prime?
True
Is 132299 a composite number?
False
Is 7509 composite?
True
Is 34135 prime?
False
Is 55101 a prime number?
False
Is 37379 composite?
False
Is 33539 composite?
True
Is 5227 composite?
False
Is 296437 a composite number?
False
Is 6607 a prime number?
True
Is 60013 a composite number?
False
Is 118799 a composite number?
False
Is 38383 a prime number?
False
Is 791 a composite number?
True
Is 868719 composite?
True
Is 348883 a composite number?
False
Is 119411 prime?
False
Is 44501 prime?
True
Is 115751 a composite number?
False
Is 8923 prime?
True
Is 52259 a composite number?
False
Is 4385 a prime number?
False
Is 14437 a prime number?
True
Is 191965 a composite number?
True
Is 33574 composite?
True
Is 149411 a composite number?
False
Is 86069 prime?
True
Is 10133 a prime number?
True
Is 86531 prime?
True
Is 10873 a composite number?
True
Is 19739 composite?
False
Is 9511 a prime number?
True
Is 489 a prime number?
False
Is 53771 composite?
True
Is 27847 a prime number?
True
Is 147034 composite?
True
Is 21269 composite?
False
Is 446617 a composite number?
True
Is 2927 composite?
False
Is 709 a prime number?
True
Is 3649 prime?
False
Is 173657 prime?
False
Is 2561 a composite number?
True
Is 4091 a prime number?
True
Is 5939 prime?
True
Is 3779 a composite number?
False
Is 76991 composite?
False
Is 390043 a prime number?
True
Is 54143 prime?
False
Is 31747 a prime number?
False
Is 403 a prime number?
False
Is 542299 a prime number?
True
Is 18591 composite?
True
Is 2638577 composite?
True
Is 8741 composite?
False
Is 420598 a composite number?
True
Is 420091 prime?
False
Is 113561 a prime number?
False
Is 604223 a prime number?
True
Is 7639 composite?
False
Is 57829 a prime number?
True
Is 79438 a composite number?
True
Is 722033 prime?
False
Is 251279 a composite number?
True
Is 176951 a prime number?
True
Is 12707 prime?
False
Is 26281 composite?
True
Is 484877 composite?
True
Is 7342253 a composite number?
False
Is 232049 a prime number?
True
Is 24995 a prime number?
False
Is 6739 composite?
True
Is 14567 a composite number?
True
Is 69313 a composite number?
False
Is 73141 a composite number?
False
Is 438937 a composite number?
False
Is 1214 prime?
False
Is 13211 a prime number?
False
Is 84827 a prime number?
True
Is 87757 a composite number?
True
Is 7883 composite?
False
Is 59739 a composite number?
True
Is 548813 prime?
False
Is 15967 prime?
False
Is 49193 composite?
False
Is 6997 a composite number?
False
Is 2279623 a composite number?
True
Is 19919 a composite number?
False
Is 48947 prime?
True
Is 327331 composite?
False
Is 24131 a prime number?
False
Is 339079 prime?
False
Is 363431 composite?
False
Is 336055 composite?
True
Is 3473 a prime number?
False
Is 758077 composite?
True
Is 797 prime?
True
Is 53155 a composite number?
True
Is 85069 a composite number?
True
Is 337297 a composite number?
True
Is 49807 composite?
False
Is 14813 a prime number?
True
Is 35515 composite?
True
Is 5809 a prime number?
False
Is 22241 a composite number?
True
Is 454463 prime?
False
Is 1145 prime?
False
Is 30529 composite?
False
Is 905687 prime?
True
Is 3241253 prime?
True
Is 11855 composite?
True
Is 755057 a composite number?
False
Is 158489 composite?
False
Is 12539 composite?
False
Is 147731 a composite number?
True
Is 42037 composite?
True
Is 8173 prime?
False
Is 339349 a composite number?
True
Is 3877 composite?
False
Is 35251 a prime number?
True
Is 262103 a prime number?
True
Is 3239 prime?
False
Is 3233419 composite?
True
Is 40343 composite?
False
Is 43451 prime?
True
Is 9809 prime?
False
Is 378919 prime?
True
Is 161153 a prime number?
False
Is 238897 composite?
False
Is 28682 composite?
True
Is 351115 prime?
False
Is 100781 a prime number?
False
Is 2536751 a prime number?
False
Is 11237 a composite number?
True
Is 661435 a prime number?
False
Is 54643 prime?
False
Is 42843 composite?
True
Is 89171 a composite number?
True
Is 2726491 a composite number?
False
Is 279707 prime?
True
Is 12149 a composite number?
False
Is 166823 a prime number?
True
Is 49597 composite?
False
Is 6439 a prime number?
False
Is 83245 a composite number?
True
Is 616873 composite?
True
Is 64777 prime?
False
Is 53111 prime?
False
Is 392471 a composite number?
True
Is 283051 a prime number?
True
Is 487 composite?
False
Is 53513 composite?
True
Is 319001 composite?
False
Is 225409 a prime number?
False
Is 132085 a prime number?
False
Is 128719 a composite number?
True
Is 1571 prime?
True
Is 9687 composite?
True
Is 7067 prime?
False
Is 17161 composite?
True
Is 873313 a composite number?
True
Is 1736029 a composite number?
False
Is 239987 a prime number?
False
Is 8143 a prime number?
False
Is 33295 prime?
False
Is 109073 a composite number?
False
Is 73183 a prime number?
False
Is 1168529 composite?
True
Is 6239 prime?
False
Is 84691 a composite number?
False
Is 372539 a prime number?
True
Is 29837 a prime number?
True
Is 256279 prime?
True
Is 36107 prime?
True
Is 17777 a prime number?
False
Is 11623 composite?
True
Is 144673 prime?
False
Is 439063 a composite number?
False
Is 484361 composite?
False
Is 1441411 composite?
False
Is 109909 composite?
True
Is 22679 prime?
True
Is 10